[INFO] cloning repository https://github.com/ianwsperber/omniglot
[INFO] running `Command { std: "git" "-c" "credential.helper=" "-c" "credential.helper=/workspace/cargo-home/bin/git-credential-null" "clone" "--bare" "https://github.com/ianwsperber/omniglot" "/workspace/cache/git-repos/https%3A%2F%2Fgithub.com%2Fianwsperber%2Fomniglot", kill_on_drop: false }`
[INFO] [stderr] Cloning into bare repository '/workspace/cache/git-repos/https%3A%2F%2Fgithub.com%2Fianwsperber%2Fomniglot'...
[INFO] running `Command { std: "git" "rev-parse" "HEAD", kill_on_drop: false }`
[INFO] [stdout] 3647a9154bcd4fc3db7edd659698a0e039171c65
[INFO] building ianwsperber/omniglot against master#ff34b919075f35a1787659e9c448a34b06bab8de for issue-85264
[INFO] running `Command { std: "git" "clone" "/workspace/cache/git-repos/https%3A%2F%2Fgithub.com%2Fianwsperber%2Fomniglot" "/workspace/builds/worker-3/source", kill_on_drop: false }`
[INFO] [stderr] Cloning into '/workspace/builds/worker-3/source'...
[INFO] [stderr] done.
[INFO] validating manifest of git repo https://github.com/ianwsperber/omniglot on toolchain ff34b919075f35a1787659e9c448a34b06bab8de
[INFO] running `Command { std: "/workspace/cargo-home/bin/cargo" "+ff34b919075f35a1787659e9c448a34b06bab8de" "metadata" "--manifest-path" "Cargo.toml" "--no-deps", kill_on_drop: false }`
[INFO] started tweaking git repo https://github.com/ianwsperber/omniglot
[INFO] finished tweaking git repo https://github.com/ianwsperber/omniglot
[INFO] tweaked toml for git repo https://github.com/ianwsperber/omniglot written to /workspace/builds/worker-3/source/Cargo.toml
[INFO] crate git repo https://github.com/ianwsperber/omniglot already has a lockfile, it will not be regenerated
[INFO] running `Command { std: "/workspace/cargo-home/bin/cargo" "+ff34b919075f35a1787659e9c448a34b06bab8de" "fetch" "--manifest-path" "Cargo.toml", kill_on_drop: false }`
[INFO] running `Command { std: "docker" "create" "-v" "/var/lib/crater-agent-workspace/builds/worker-3/target:/opt/rustwide/target:rw,Z" "-v" "/var/lib/crater-agent-workspace/builds/worker-3/source:/opt/rustwide/workdir:ro,Z" "-v" "/var/lib/crater-agent-workspace/cargo-home:/opt/rustwide/cargo-home:ro,Z" "-v" "/var/lib/crater-agent-workspace/rustup-home:/opt/rustwide/rustup-home:ro,Z" "-e" "SOURCE_DIR=/opt/rustwide/workdir" "-e" "CARGO_TARGET_DIR=/opt/rustwide/target" "-e" "CARGO_HOME=/opt/rustwide/cargo-home" "-e" "RUSTUP_HOME=/opt/rustwide/rustup-home" "-w" "/opt/rustwide/workdir" "-m" "1610612736" "--user" "0:0" "--network" "none" "ghcr.io/rust-lang/crates-build-env/linux@sha256:20528e8c29e4536546f0102ce88568b16ea7538393a33fcca951030f7af10457" "/opt/rustwide/cargo-home/bin/cargo" "+ff34b919075f35a1787659e9c448a34b06bab8de" "metadata" "--no-deps" "--format-version=1", kill_on_drop: false }`
[INFO] [stdout] 22a85b9c455ae1c78dc5b37c22e1b06207b343cd2f9feefcb2c4e61c88c3adc5
[INFO] [stderr] WARNING: Your kernel does not support swap limit capabilities or the cgroup is not mounted. Memory limited without swap.
[INFO] running `Command { std: "docker" "start" "-a" "22a85b9c455ae1c78dc5b37c22e1b06207b343cd2f9feefcb2c4e61c88c3adc5", kill_on_drop: false }`
[INFO] running `Command { std: "docker" "inspect" "22a85b9c455ae1c78dc5b37c22e1b06207b343cd2f9feefcb2c4e61c88c3adc5", kill_on_drop: false }`
[INFO] running `Command { std: "docker" "rm" "-f" "22a85b9c455ae1c78dc5b37c22e1b06207b343cd2f9feefcb2c4e61c88c3adc5", kill_on_drop: false }`
[INFO] [stdout] 22a85b9c455ae1c78dc5b37c22e1b06207b343cd2f9feefcb2c4e61c88c3adc5
[INFO] running `Command { std: "docker" "create" "-v" "/var/lib/crater-agent-workspace/builds/worker-3/target:/opt/rustwide/target:rw,Z" "-v" "/var/lib/crater-agent-workspace/builds/worker-3/source:/opt/rustwide/workdir:ro,Z" "-v" "/var/lib/crater-agent-workspace/cargo-home:/opt/rustwide/cargo-home:ro,Z" "-v" "/var/lib/crater-agent-workspace/rustup-home:/opt/rustwide/rustup-home:ro,Z" "-e" "SOURCE_DIR=/opt/rustwide/workdir" "-e" "CARGO_TARGET_DIR=/opt/rustwide/target" "-e" "CARGO_INCREMENTAL=0" "-e" "RUST_BACKTRACE=full" "-e" "RUSTFLAGS=--cap-lints=forbid" "-e" "CARGO_HOME=/opt/rustwide/cargo-home" "-e" "RUSTUP_HOME=/opt/rustwide/rustup-home" "-w" "/opt/rustwide/workdir" "-m" "1610612736" "--user" "0:0" "--network" "none" "ghcr.io/rust-lang/crates-build-env/linux@sha256:20528e8c29e4536546f0102ce88568b16ea7538393a33fcca951030f7af10457" "/opt/rustwide/cargo-home/bin/cargo" "+ff34b919075f35a1787659e9c448a34b06bab8de" "build" "--frozen" "--message-format=json", kill_on_drop: false }`
[INFO] [stdout] 26dab4231238e5fda1bd3a95106d37f3c3f75457ed719621d05e0dffd8a615aa
[INFO] [stderr] WARNING: Your kernel does not support swap limit capabilities or the cgroup is not mounted. Memory limited without swap.
[INFO] running `Command { std: "docker" "start" "-a" "26dab4231238e5fda1bd3a95106d37f3c3f75457ed719621d05e0dffd8a615aa", kill_on_drop: false }`
[INFO] [stderr]    Compiling omniglot v0.0.1 (/opt/rustwide/workdir)
[INFO] [stdout] error[E0432]: unresolved import `std::io::File`
[INFO] [stdout]  --> src/dictionary/parsers/simple.rs:1:5
[INFO] [stdout]   |
[INFO] [stdout] 1 | use std::io::File;
[INFO] [stdout]   |     ^^^^^^^^^^^^^ no `File` in `io`
[INFO] [stdout] 
[INFO] [stdout] 
[INFO] [stdout] error[E0432]: unresolved import `std::io::BufferedReader`
[INFO] [stdout]  --> src/dictionary/parsers/simple.rs:2:5
[INFO] [stdout]   |
[INFO] [stdout] 2 | use std::io::BufferedReader;
[INFO] [stdout]   |     ^^^^^^^^^^^^^^^^^^^^^^^ no `BufferedReader` in `io`
[INFO] [stdout] 
[INFO] [stdout] 
[INFO] [stdout] error[E0433]: failed to resolve: use of undeclared type `Path`
[INFO] [stdout]   --> src/dictionary/parsers/simple.rs:12:13
[INFO] [stdout]    |
[INFO] [stdout] 12 |     let path = Path::new(filename);
[INFO] [stdout]    |                ^^^^ not found in this scope
[INFO] [stdout]    |
[INFO] [stdout] help: consider importing this struct
[INFO] [stdout]    |
[INFO] [stdout] 1  | use std::path::Path;
[INFO] [stdout]    |
[INFO] [stdout] 
[INFO] [stdout] 
[INFO] [stdout] error[E0599]: no method named `words` found for reference `&String` in the current scope
[INFO] [stdout]   --> src/dictionary/parsers/simple.rs:28:31
[INFO] [stdout]    |
[INFO] [stdout] 28 |     let words: Vec<&str> =  line.words().collect();
[INFO] [stdout]    |                                  ^^^^^ method not found in `&String`
[INFO] [stdout] 
[INFO] [stdout] 
[INFO] [stdout] error[E0599]: no method named `contains_char` found for reference `&str` in the current scope
[INFO] [stdout]   --> src/dictionary/parsers/simple.rs:34:10
[INFO] [stdout]    |
[INFO] [stdout] 34 |     if info.contains_char('[') {
[INFO] [stdout]    |             ^^^^^^^^^^^^^ method not found in `&str`
[INFO] [stdout] 
[INFO] [stdout] 
[INFO] [stdout] error[E0599]: no method named `char_at` found for reference `&String` in the current scope
[INFO] [stdout]   --> src/dictionary/parsers/simple.rs:53:14
[INFO] [stdout]    |
[INFO] [stdout] 53 |     '#' == line.char_at(0)
[INFO] [stdout]    |                 ^^^^^^^ method not found in `&String`
[INFO] [stdout] 
[INFO] [stdout] 
[INFO] [stdout] error: aborting due to 6 previous errors
[INFO] [stdout] 
[INFO] [stdout] 
[INFO] [stdout] Some errors have detailed explanations: E0432, E0433, E0599.
[INFO] [stdout] 
[INFO] [stdout] For more information about an error, try `rustc --explain E0432`.
[INFO] [stdout] 
[INFO] [stderr] error: could not compile `omniglot`
[INFO] [stderr] 
[INFO] [stderr] To learn more, run the command again with --verbose.
[INFO] running `Command { std: "docker" "inspect" "26dab4231238e5fda1bd3a95106d37f3c3f75457ed719621d05e0dffd8a615aa", kill_on_drop: false }`
[INFO] running `Command { std: "docker" "rm" "-f" "26dab4231238e5fda1bd3a95106d37f3c3f75457ed719621d05e0dffd8a615aa", kill_on_drop: false }`
[INFO] [stdout] 26dab4231238e5fda1bd3a95106d37f3c3f75457ed719621d05e0dffd8a615aa
